t is j(k)?
-1
Let s(u) be the third derivative of u**4/12 + 7*u**3/6 - 7*u**2. Suppose q - 328 = -334. Give s(q).
-5
Let a(s) = 5*s - 176. Let h be a(34). Let w(t) = -t**2 - 4*t + 3. Give w(h).
-9
Suppose m = -5*p + 12, m + 3*p + 3 - 15 = 0. Suppose -33 - 15 = m*v. Let q(s) = -s**3 - 3*s**2 + 2*s - 3. What is q(v)?
5
Let n(c) = -9*c - 1. Let y(g) = g**2 - 10*g. Let p be y(7). Let w = -12 - p. Let m = -10 + w. Determine n(m).
8
Let w(z) = z + 1. Let y(f) be the third derivative of -f**4/6 - 2*f**3 - 33*f**2. Let i(a) = -2*w(a) - y(a). Give i(-7).
-4
Let t = 0 + 3. Let n(p) = 5*p**3 + 9*p**2 - 4*p + 2. Let z(l) = 3*l**3 + 7*l**2 - 3*l + 2. Let i(c) = -2*n(c) + 3*z(c). Determine i(t).
-1
Let a(z) = -z. Suppose 2*n + q = -4, 5*n - 3*q = 2*q - 10. Let m be (2 - 3)/(1/n). Suppose 3*o - 6*o + 6 = -m*b, 26 = -5*b + 2*o. What is a(b)?
6
Let u(n) = -5*n - n + 4*n + 14 + 0*n. Suppose 32 = 2*z + 3*l, -4*l = 5*z - 3*z - 36. Calculate u(z).
-6
Let r(p) = p**3 + 7*p**2 + 4*p + 4. Suppose 0 = -21*g + 18*g - 21. Calculate r(g).
-24
Let d(q) be the first derivative of q**3/3 - 2*q**2 - 4*q - 75. Determine d(-3).
17
Let z = -116 - -118. Let v(x) = 1 - 6 + 2 + 0*x + z*x. Give v(4).
5
Let k(f) = -2*f + 1. Let u(q) be the second derivative of 1/6*q**3 + 0 + 7*q - 5/2*q**2. Let j be u(9). Determine k(j).
-7
Let h be ((-56)/(-26))/14 + 48/26. Let m(d) = d**3 - d**2 - 7*d + 5. Calculate m(h).
-5
Suppose -4*c = 15 - 23. Let q(d) be the first derivative of -3 + 0*d - 1/2*d**c. What is q(-6)?
6
Let w(z) = 20*z - 35. Let s(o) = -19*o + 48. Let d(b) = -5*b + 12. Let h(n) = 9*d(n) - 2*s(n). Let u(q) = 17*h(q) + 6*w(q). Give u(5).
-1
Let a(r) be the third derivative of r**4/8 + 5*r**3/6 - 40*r**2 - 2*r. Calculate a(-5).
-10
Let v(j) = 13*j**2 + j - 2. Let q be 5 - 6/18*21. Give v(q).
48
Let b(y) = -9*y**2 + 2*y + 2*y**3 + 9 + 3*y**3 + 2*y**3 - 5 - 6*y**3. Determine b(9).
22
Let m(x) = -38 + 19 + x + 20. Let c be ((-1)/2)/((-1)/(-4)). Let g = c + 3. What is m(g)?
2
Let y(g) = g**2 - 10*g + 12. Let o be 1/(-10)*-6*5. Suppose -o*k + 45 = 2*k. Let p be y(k). Let u(l) = -2*l**2 + 2*l. Give u(p).
-12
Let i(k) = 2*k**2 + 3*k - 3. Suppose -17*l + 159 = 125. Give i(l).
11
Suppose 5*d - n = 6, -5 = -4*d + 4*n + 3. Let a(x) = 2*x**2 - x. Determine a(d).
1
Let j be (-1)/(1 - (-7)/(-6)). Suppose 28*y = 24*y + 8. Let n(s) = -1 - s**3 - 5 + 31*s - 28*s + 6*s**y. Give n(j).
12
Let y = -16 - -24. Let l be (y/6)/((-10)/(-45)). Let a(t) = 5 + t + l*t**3 - 5*t**3 + 4*t**2 - 3*t**2. Give a(0).
5
Suppose -7 = 5*x - 2. Let r = 0 + x. Let s(w) = 10*w**3 + 6*w**2 - 4*w - 5. Let l(q) = -11*q**3 - 7*q**2 + 5*q + 6. Let d(z) = -4*l(z) - 5*s(z). Calculate d(r).
5
Suppose 3*q - 4*w - 7 = 0, -7*q - 3*w = -2*q - 2. Let l(m) be the third derivative of 10*m**2 + 0*m + 5/12*m**4 - 1/6*m**3 + 0. Determine l(q).
9
Suppose 12*j + 97 = 1. Let y(q) = -q**3 - 7*q**2 + 8*q + 3. Determine y(j).
3
Let u(y) be the first derivative of -3*y**2/2 + 6*y + 70. What is u(4)?
-6
Let l(g) = -g**3 + 5*g**2 - 3*g - 5. Let m be 57/(-6)*(-4)/2. Suppose 20*h - m*h - 5 = 0. Determine l(h).
-20
Let f(p) = 26*p - 6 + 3 - 5 - 23*p**2. Let x(n) = 8*n**2 - 9*n + 3. Let j(y) = y**2 + 27*y - 22. Let a be j(-28). Let v(r) = a*f(r) + 17*x(r). Give v(3).
-6
Let o(p) = p**3 + 25*p**2 - 27*p - 34. Suppose -3*s = m + 11, -2*m - 5*s = -m + 1. Let r be o(m). Let h(q) = -q**3 - 9*q**2 - 8*q - 8. Give h(r).
-8
Suppose 0*y - 16 = -4*y. Let b(t) = 2 + y + 6 - 5*t - t**2 - 10. Let x be (-2)/(1/1) - 4. Give b(x).
-4
Let m(c) = c**2 + 10*c + 10. Suppose -63*z = -65*z - 194. Let q = z - -90. Give m(q).
-11
Let s be (1/(1/1))/1. Let l(t) be the third derivative of -11*t**6/60 + t**5/60 - t**4/12 + t**3/6 + 1336*t**2. Calculate l(s).
-22
Let v be (3/3)/(5/((-1570)/(-2))). Suppose 3*h = v - 148. Let t(j) be the third derivative of -j**6/120 + j**5/12 - 5*j**4/24 + j**3/3 + j**2. Calculate t(h).
5
Let b be -2 + (-3)/(-1) - (4 + 0). Let j(k) = k**3 + 2*k**2 - 3*k + 4. Determine j(b).
4
Let y(m) = 13*m + m**2 + 43*m - 56*m - m**3 + 24. Determine y(0).
24
Suppose -5*r = -r - 96. Let b be 2/12 + 44/r. Let f(o) = 2*o. Let q(h) = 3*h - 1. Let w(k) = -5*f(k) + 2*q(k). Calculate w(b).
-10
Suppose -i = -p + i + 4, -3*i = 3*p + 33. Let w(h) = -41*h**2 - 7 + 16*h**2 - 2*h + 8*h + 10*h**2 + 17*h**2. Determine w(p).
29
Let w(m) = 34*m**2 + 17*m - 1. Let n(a) = -27*a**2 - 15*a. Let j(s) = -5*n(s) - 4*w(s). Suppose -3*t + 15 = 3. Suppose -y = -t*y + 18. What is j(y)?
10
Let k(j) = -2*j - 11. Let w(u) = -u + 1. Let x(f) = -12*f. Let a(q) = 10*w(q) - x(q). Let p(y) = -3*a(y) - 2*k(y). Give p(6).
-20
Let w(j) = -2*j - 2. Suppose u = 3*u - 6. Let f(b) = -b - 3. Let p(k) = u*f(k) - 2*w(k). Calculate p(-5).
-10
Let d(p) = p**2 + 10*p - 16. Let h be d(2). Let o(c) = c. What is o(h)?
8
Let d be (7 - 531/72)/((-6)/8). Let v(c) be the first derivative of d*c**2 + 1 + 2*c. Calculate v(2).
4
Let n(o) be the first derivative of o**4/4 - o**2/2 - o - 15. What is n(0)?
-1
Suppose 4*t - 5*t - 35 = 0. Let b be (-4)/10 + (-259)/t. Suppose -5 = -b*u + 2. Let h(p) = -17*p + 1. Give h(u).
-16
Let o(b) = 2*b**3 - 3*b - 3. Suppose -16 = y - 5*y - k, 4*k = 0. Suppose -3*l + 12 = -5*w + 2, 2 = -w - y*l. What is o(w)?
-13
Suppose 3*d + 4 = 28. Suppose 2 - d = r. Let s(n) be the second derivative of n**4/12 + 4*n**3/3 + 5*n**2/2 + 2768*n. Give s(r).
-7
Let q(p) = 3*p + 48. Suppose 160 = 148*w - 158*w. What is q(w)?
0
Let m = -167 + 185. Let x(g) = -m*g + 13 - 5 + 12 + 31*g - g**2. Calculate x(14).
6
Let f(n) = 11 - 7 - 17 - 4 + 3*n. Calculate f(8).
7
Suppose -3*n + 21 - 6 = -u, 3*n = 15. Suppose u*a + 2*a = -4. Let d be 4 + -3 - (a - -8). Let s(k) = k**2 + 6*k. Give s(d).
-5
Let l(s) be the third derivative of 0 + 11*s**2 - 7/24*s**4 + 7/6*s**3 + 1/60*s**5 + 0*s. Determine l(7).
7
Let b(x) = -3*x. Suppose 3*d - d = -22. Let i(z) = -3*z + 12. Let t be i(0). Let m = d + t. Calculate b(m).
-3
Let d(p) = -p**3 - 4*p**2 - 1. Let n be d(-4). Let a(z) = -4*z**2 - 3*z + 841. Let w(t) = 3*t**2 + 2*t - 673. Let b(y) = 4*a(y) + 5*w(y). Give b(n).
0
Let q be (-15)/20 + 3/4. Suppose q = 2*y + 2*s - 10, 5*y - 18 + 2 = -2*s. Let p(a) = -a**y - 2*a**2 + 2*a**2 - 4 + 2*a**2 + 3*a. Determine p(-5).
6
Let c be 7/((-21)/6)*-1. Let r(z) = -7*z**2 + 2*z - 1. What is r(c)?
-25
Let b(o) = -5*o + 3. Suppose 3*u + 0*u - 5 = 2*a, u - 4*a + 5 = 0. Let q be (u + 0)*3/(-9). Let z = q + 3. What is b(z)?
-7
Let l(g) = 4*g - 8*g - 1 + 8 - g**2. Let k(t) = -11*t - 302. Let n be k(-27). Give l(n).
2
Let i(g) = -11*g**3 + 1. Let v be ((-1)/2)/(189/(-18) - -11). What is i(v)?
12
Let n be 5*1/5*-3. Let k = n - 2. Let y(z) = -z + 6. Let u(b) = -b + 6. Let o(l) = 5*u(l) - 4*y(l). Calculate o(k).
11
Let g(i) = -i + 1. Let r(x) = -8*x + 2. Let q(t) = 4*g(t) - r(t). Let y = -5 + 10. Let f = y - 3. Determine q(f).
10
Let n(b) be the first derivative of b**4/4 - 5*b**3 + 29*b**2/2 - 39*b + 536. Calculate n(13).
0
Let b be 342/66 + (-6)/33. Suppose b = 3*j - 4. Suppose -j*x - 20 = -26. Let n(k) = -k**2 - k + 1. What is n(x)?
-5
Let v(g) = -g**2 - 5*g - 6. Let l(y) = -12*y + 450. Let z be l(38). Determine v(z).
-12
Suppose 8 = z - 2*o, 2*z + 2*o + 12 = 4*z. Let j be 4*z + 0/(-10). Let v = -19 + j. Let a(i) = i**2 + 5*i + 2. Calculate a(v).
-4
Suppose -4*d = -8*d. Let b(w) = 1 + 3*w - 2*w + d*w. Determine b(-2).
-1
Let a(j) = -j**3 - j - 19. Suppose 10*d - 21*d = 0. Calculate a(d).
-19
Let x(c) be the first derivative of -7*c**3/3 + c**2 - 3*c - 145. Calculate x(2).
-27
Let n(i) = 21*i**3 - 5 - 6 - 22*i**3 - 8*i + 2 + 9*i**2. What is n(8)?
-9
Let j be 75/27 - 4/(-18). Let v(u) = -4*u - 8. Let y be v(-8). Suppose 2*k = j*r + y, 5*r + k + 0*k = -27. Let f(m) = -m**3 - 6*m**2 - 2*m - 5. What is f(r)?
7
Let y(n) = -n**2 - n + 6. Let m be y(13). Let i be m/56 - ((-30)/14 - -2). Let o(d) = d**2 + 2*d - 1. Determine o(i).
2
Suppose -3*p = -6 - 0. Let l(d) = 6*d - d**2 + 21 - d**3 - 17 - d**2 + 6*d**p. Let o = -207 - -212. Calculate l(o).
9
Let w(l) be the third derivative of -l**6/360 + l**5/40 - l**3/2 + 2*l**2. Let a(c) be the first derivative of w(c). Let v be (5/(-2))/(1/(-2)). Give a(v).
-10
Suppose 8 = 4*a - 8. Let h(j) = -6*j + a*j + 3 + 3*j. Let x(i) = 6*i + 272. Let m be x(-46). Calculate h(m).
-1
Let k(p) = p**2 + 6*p - 7. Let u(h) = 14*h 